{"id":14,"date":"2015-05-26T07:29:06","date_gmt":"2015-05-26T07:29:06","guid":{"rendered":"http:\/\/gzkkrusliwiec.com.pl\/?page_id=14"},"modified":"2026-02-18T12:14:06","modified_gmt":"2026-02-18T10:14:06","slug":"kontakty","status":"publish","type":"page","link":"http:\/\/gzkkrusliwiec.com.pl\/?page_id=14","title":{"rendered":"Kontakt"},"content":{"rendered":"\n<hr class=\"wp-block-separator has-text-color has-css-opacity has-background is-style-wide\" style=\"background-color:#000000;color:#000000\"\/>\n\n\n\n<p class=\"has-text-align-left has-text-color has-link-color wp-elements-ab4c11684ee6e343fb07b1ba058cba2a\" style=\"color:#000000\"><span style=\"color: #0086d2;\"><strong><mark style=\"background-color:rgba(0, 0, 0, 0);color:#000000\" class=\"has-inline-color\">Podstawowe dane:<\/mark><\/strong><\/span><br><br><span style=\"color:#000000\" class=\"has-inline-color\">Gminny Zak\u0142ad Komunalny Inowroc\u0142aw<br>z siedzib\u0105 w Kru\u015bliwcu<br>Kru\u015bliwiec 12<br>88-100 Inowroc\u0142aw<br>NIP: 556-10-00-253<br><br>e-mail: <\/span>biuro@gzkinowroclaw.pl <br>Adres do e-Dor\u0119cze\u0144: AE:PL-63157-92330-JVHTD-15<br><br><strong><span style=\"color:#000000\" class=\"has-inline-color\">Zg\u0142aszanie awarii: tel. 52-355-57-47 &#8211; czynny ca\u0142\u0105 dob\u0119<\/span><\/strong><\/p>\n\n\n\n<hr class=\"wp-block-separator has-text-color has-alpha-channel-opacity has-background is-style-wide\" style=\"background-color:#000000;color:#000000\"\/>\n\n\n\n<p class=\"has-text-align-left has-text-color has-link-color wp-elements-6c0ad22ab7cc1c92f271fda5bedf606b\" style=\"color:#000000\"><strong><mark style=\"background-color:rgba(0, 0, 0, 0);color:#000000\" class=\"has-inline-color\">Godziny pracy:<\/mark><\/strong><br><br>Poniedzia\u0142ek 7.00 &#8211; 15.00<br>Wtorek 7.00 &#8211; 16.00<br>\u015aroda 7.00 &#8211; 15.00<br>Czwartek 7.00 &#8211; 15.00<br>Pi\u0105tek 7.00 &#8211; 14.00<br><\/p>\n\n\n\n<hr class=\"wp-block-separator has-text-color has-alpha-channel-opacity has-background is-style-wide\" style=\"background-color:#000000;color:#000000\"\/>\n\n\n\n<p class=\"has-text-align-left\"><span style=\"color: #0086d2;\"><strong><mark style=\"background-color:rgba(0, 0, 0, 0);color:#000000\" class=\"has-inline-color\">Spis telefon\u00f3w:<\/mark><\/strong><\/span><br><span style=\"color:#000000\" class=\"has-inline-color\">\n<table id=\"tablepress-10\" class=\"tablepress tablepress-id-10\">\n<thead>\n<tr class=\"row-1\">\n\t<th class=\"column-1\">Stanowisko<\/th><th class=\"column-2\">Nr telefonu<\/th>\n<\/tr>\n<\/thead>\n<tbody class=\"row-striping row-hover\">\n<tr class=\"row-2\">\n\t<td class=\"column-1\">Biuro Obs\u0142ugi Interesant\u00f3w<\/td><td class=\"column-2\">52-355-57-42<\/td>\n<\/tr>\n<tr class=\"row-3\">\n\t<td class=\"column-1\">Dyrektor Zak\u0142adu - Marek Mieszko Gerus<\/td><td class=\"column-2\">52-355-57-40<\/td>\n<\/tr>\n<tr class=\"row-4\">\n\t<td class=\"column-1\">Zast\u0119pca Dyrektora-G\u0142\u00f3wny Ksi\u0119gowy<\/td><td class=\"column-2\">52-355-57-41<\/td>\n<\/tr>\n<tr class=\"row-5\">\n\t<td class=\"column-1\">Kierownik Dzia\u0142u Ksi\u0119gowo-Administracyjnego<\/td><td class=\"column-2\">52-355-57-44<\/td>\n<\/tr>\n<tr class=\"row-6\">\n\t<td class=\"column-1\">Inspektor ds. ksi\u0119gowo\u015bci bud\u017cetowej<\/td><td class=\"column-2\">52-355-57-45<\/td>\n<\/tr>\n<tr class=\"row-7\">\n\t<td class=\"column-1\">Kierownik Dzia\u0142u Technicznego Wodoci\u0105gowo-Kanalizacyjnego<\/td><td class=\"column-2\">52-355-57-47<\/td>\n<\/tr>\n<tr class=\"row-8\">\n\t<td class=\"column-1\">Punkt Selektywnej Zbi\u00f3rki Odpad\u00f3w Komunalnych (PSZOK)<\/td><td class=\"column-2\">603-628-804<\/td>\n<\/tr>\n<\/tbody>\n<tfoot>\n<tr class=\"row-9\">\n\t<td class=\"column-1\"><\/td><td class=\"column-2\"><\/td>\n<\/tr>\n<\/tfoot>\n<\/table>\n<!-- #tablepress-10 from cache --><\/span><\/p>\n\n\n\n<hr class=\"wp-block-separator has-text-color has-alpha-channel-opacity has-background is-style-wide\" style=\"background-color:#000000;color:#000000\"\/>\n","protected":false},"excerpt":{"rendered":"<p>Podstawowe dane: Gminny Zak\u0142ad Komunalny Inowroc\u0142awz siedzib\u0105 w Kru\u015bliwcuKru\u015bliwiec 1288-100 Inowroc\u0142awNIP: 556-10-00-253 e-mail: biuro@gzkinowroclaw.pl Adres do e-Dor\u0119cze\u0144: AE:PL-63157-92330-JVHTD-15 Zg\u0142aszanie awarii: tel. 52-355-57-47 &#8211; czynny ca\u0142\u0105 dob\u0119 Godziny pracy: Poniedzia\u0142ek 7.00 &#8211; 15.00Wtorek 7.00 &#8211; 16.00\u015aroda 7.00 &#8211; 15.00Czwartek 7.00 &#8211; 15.00Pi\u0105tek 7.00 &#8211; 14.00 Spis telefon\u00f3w:<\/p>\n","protected":false},"author":1,"featured_media":0,"parent":0,"menu_order":0,"comment_status":"closed","ping_status":"closed","template":"","meta":{"footnotes":""},"class_list":["post-14","page","type-page","status-publish","hentry"],"_links":{"self":[{"href":"http:\/\/gzkkrusliwiec.com.pl\/index.php?rest_route=\/wp\/v2\/pages\/14"}],"collection":[{"href":"http:\/\/gzkkrusliwiec.com.pl\/index.php?rest_route=\/wp\/v2\/pages"}],"about":[{"href":"http:\/\/gzkkrusliwiec.com.pl\/index.php?rest_route=\/wp\/v2\/types\/page"}],"author":[{"embeddable":true,"href":"http:\/\/gzkkrusliwiec.com.pl\/index.php?rest_route=\/wp\/v2\/users\/1"}],"replies":[{"embeddable":true,"href":"http:\/\/gzkkrusliwiec.com.pl\/index.php?rest_route=%2Fwp%2Fv2%2Fcomments&post=14"}],"version-history":[{"count":93,"href":"http:\/\/gzkkrusliwiec.com.pl\/index.php?rest_route=\/wp\/v2\/pages\/14\/revisions"}],"predecessor-version":[{"id":2331,"href":"http:\/\/gzkkrusliwiec.com.pl\/index.php?rest_route=\/wp\/v2\/pages\/14\/revisions\/2331"}],"wp:attachment":[{"href":"http:\/\/gzkkrusliwiec.com.pl\/index.php?rest_route=%2Fwp%2Fv2%2Fmedia&parent=14"}],"curies":[{"name":"wp","href":"https:\/\/api.w.org\/{rel}","templated":true}]}}