{"id":458,"date":"2020-06-19T10:05:04","date_gmt":"2020-06-19T10:05:04","guid":{"rendered":"http:\/\/gzkkrusliwiec.com.pl\/?page_id=458"},"modified":"2025-08-13T18:33:22","modified_gmt":"2025-08-13T16:33:22","slug":"co-robimy-2","status":"publish","type":"page","link":"http:\/\/gzkkrusliwiec.com.pl\/","title":{"rendered":"Zakres dzia\u0142ania"},"content":{"rendered":"\n<hr class=\"wp-block-separator has-text-color has-dark-gray-color has-css-opacity has-dark-gray-background-color has-background is-style-wide\"\/>\n\n\n\n<p><span style=\"color:#000000\" class=\"has-inline-color\">Do zakresu dzia\u0142alno\u015bci Zak\u0142adu nale\u017cy zaspokajanie zbiorowych potrzeb mieszka\u0144c\u00f3w Gminy Inowroc\u0142aw. W szczeg\u00f3lno\u015bci dzia\u0142alno\u015b\u0107 ta obejmuje:<\/span><br><br><span style=\"color:#000000\" class=\"has-inline-color\">Wodoci\u0105gi &#8211; zbiorowe zaopatrzenie w wod\u0119 i kanalizacja sanitarna:<\/span><\/p>\n\n\n\n<ul class=\"wp-block-list\">\n<li><span style=\"color:#000000\" class=\"has-inline-color\">utrzymanie sprawno\u015bci technicznej stacji uzdatniania wody &#8211; hydroforni znajduj\u0105cych si\u0119 na terenie Gminy Inowroc\u0142aw i stanowi\u0105cych mienie komunalne gminy,<\/span><\/li>\n\n\n\n<li><span style=\"color:#000000\" class=\"has-inline-color\">eksploatacja studni g\u0142\u0119binowych w stacjach hydroforowych, zgodnie z wydanymi pozwoleniami wodnoprawnymi,<\/span><\/li>\n\n\n\n<li><span style=\"color:#000000\" class=\"has-inline-color\">w\u0142a\u015bciwa eksploatacja i konserwacja sieci wodoci\u0105gowej na terenie Gminy Inowroc\u0142aw oraz usuwanie wszelkich jej uszkodze\u0144 i awarii, budowa sieci wodoci\u0105gowej wraz z przy\u0142\u0105czami,<\/span><\/li>\n\n\n\n<li><span style=\"color:#000000\" class=\"has-inline-color\">w\u0142a\u015bciwa eksploatacja i konserwacja sieci kanalizacyjnej na terenie Gminy Inowroc\u0142aw oraz usuwanie wszelkich jej uszkodze\u0144 i awarii,<\/span><\/li>\n\n\n\n<li><span style=\"color:#000000\" class=\"has-inline-color\">kontrola w\u0142a\u015bciwej jako\u015bci wody w stacjach i sieci oraz wykonywanie w tym zakresie decyzji Powiatowego Inspektora Sanitarnego,<\/span><\/li>\n\n\n\n<li><span style=\"color:#000000\" class=\"has-inline-color\">zawieranie um\u00f3w z odbiorcami na dostaw\u0119 wody i odbi\u00f3r \u015bciek\u00f3w oraz pob\u00f3r nale\u017cno\u015bci,<\/span><\/li>\n\n\n\n<li><span style=\"color:#000000\" class=\"has-inline-color\">prowadzenie kalkulacji ceny wody i \u015bciek\u00f3w oraz przedstawienie jej do zatwierdzenia przez Pa\u0144stwowe Gospodarstwo Wodne Wody Polskie,<\/span><\/li>\n\n\n\n<li><span style=\"color:#000000\" class=\"has-inline-color\">dokonywanie uzgodnie\u0144 dokumentacji technicznej w zakresie budowy sieci wodoci\u0105gowej i kanalizacyjnej,<\/span><\/li>\n\n\n\n<li><span style=\"color:#000000\" class=\"has-inline-color\">wydawanie uzgodnie\u0144 technicznych podmiotom ubiegaj\u0105cym si\u0119 o opini\u0119 dotycz\u0105c\u0105 sieci wodoci\u0105gowej i kanalizacyjnej,<\/span><\/li>\n\n\n\n<li><span style=\"color:#000000\" class=\"has-inline-color\">przeprowadzenia kontroli urz\u0105dzenia pomiarowego, wodomierza g\u0142\u00f3wnego lub wodomierzy zainstalowanych w lokalu i dokonania odczytu ich wskaza\u0144, dokonania bada\u0144 i pomiar\u00f3w, przeprowadzenia przegl\u0105d\u00f3w i napraw urz\u0105dze\u0144 posiadanych przez Zak\u0142ad, a tak\u017ce sprawdzenia ilo\u015bci i jako\u015bci \u015bciek\u00f3w wprowadzanych do sieci,<\/span><\/li>\n\n\n\n<li><span style=\"color:#000000\" class=\"has-inline-color\">prowadzenie kalkulacji ceny za us\u0142ugi komunalne i przedstawienie jej do zatwierdzenia przez w\u0142a\u015bciwy organ Gminy.<\/span><\/li>\n<\/ul>\n\n\n\n<hr class=\"wp-block-separator has-text-color has-dark-gray-color has-css-opacity has-dark-gray-background-color has-background is-style-wide\"\/>\n\n\n\n<table id=\"tablepress-16\" class=\"tablepress tablepress-id-16 tbody-has-connected-cells\">\n<thead>\n<tr class=\"row-1\">\n\t<th colspan=\"2\" class=\"column-1\">DOKUMENT<\/th>\n<\/tr>\n<\/thead>\n<tbody class=\"row-striping row-hover\">\n<tr class=\"row-2\">\n\t<td class=\"column-1\">Statut Gminnego Zak\u0142adu Komunalnego Inowroc\u0142aw z siedzib\u0105 w Kru\u015bliwcu<\/td><td class=\"column-2\"><a href=\"http:\/\/gzkkrusliwiec.com.pl\/wp-content\/uploads\/2026\/04\/SKM_C301i26040207440.pdf\">Otw\u00f3rz statut<\/a><\/td>\n<\/tr>\n<tr class=\"row-3\">\n\t<td rowspan=\"2\" class=\"column-1\">Regulamin dostarczania wody i odprowadzania \u015bciek\u00f3w obowi\u0105zuj\u0105cego na obszarze Gminy Inowroc\u0142aw<\/td><td class=\"column-2\"><a href=\"http:\/\/gzkkrusliwiec.com.pl\/wp-content\/uploads\/2020\/07\/Regulamin-dostarczania-wody-i-odprowadzania-\u015bciek\u00f3w.pdf\" rel=\"noopener\" target=\"_blank\">Otw\u00f3rz regulamin<\/a><\/td>\n<\/tr>\n<tr class=\"row-4\">\n\t<td class=\"column-2\"><a href=\"http:\/\/gzkkrusliwiec.com.pl\/wp-content\/uploads\/2021\/08\/3816.pdf\" rel=\"noopener\" target=\"_blank\">Otw\u00f3rz<\/a><\/td>\n<\/tr>\n<\/tbody>\n<tfoot>\n<tr class=\"row-5\">\n\t<td class=\"column-1\"><\/td><td class=\"column-2\"><\/td>\n<\/tr>\n<\/tfoot>\n<\/table>\n<!-- #tablepress-16 from cache -->\n\n\n<hr class=\"wp-block-separator has-text-color has-dark-gray-color has-css-opacity has-dark-gray-background-color has-background is-style-wide\"\/>\n","protected":false},"excerpt":{"rendered":"<p>Do zakresu dzia\u0142alno\u015bci Zak\u0142adu nale\u017cy zaspokajanie zbiorowych potrzeb mieszka\u0144c\u00f3w Gminy Inowroc\u0142aw. W szczeg\u00f3lno\u015bci dzia\u0142alno\u015b\u0107 ta obejmuje: Wodoci\u0105gi &#8211; zbiorowe zaopatrzenie w wod\u0119 i kanalizacja sanitarna:<\/p>\n","protected":false},"author":2,"featured_media":0,"parent":0,"menu_order":0,"comment_status":"closed","ping_status":"closed","template":"","meta":{"footnotes":""},"class_list":["post-458","page","type-page","status-publish","hentry"],"_links":{"self":[{"href":"http:\/\/gzkkrusliwiec.com.pl\/index.php?rest_route=\/wp\/v2\/pages\/458"}],"collection":[{"href":"http:\/\/gzkkrusliwiec.com.pl\/index.php?rest_route=\/wp\/v2\/pages"}],"about":[{"href":"http:\/\/gzkkrusliwiec.com.pl\/index.php?rest_route=\/wp\/v2\/types\/page"}],"author":[{"embeddable":true,"href":"http:\/\/gzkkrusliwiec.com.pl\/index.php?rest_route=\/wp\/v2\/users\/2"}],"replies":[{"embeddable":true,"href":"http:\/\/gzkkrusliwiec.com.pl\/index.php?rest_route=%2Fwp%2Fv2%2Fcomments&post=458"}],"version-history":[{"count":16,"href":"http:\/\/gzkkrusliwiec.com.pl\/index.php?rest_route=\/wp\/v2\/pages\/458\/revisions"}],"predecessor-version":[{"id":2252,"href":"http:\/\/gzkkrusliwiec.com.pl\/index.php?rest_route=\/wp\/v2\/pages\/458\/revisions\/2252"}],"wp:attachment":[{"href":"http:\/\/gzkkrusliwiec.com.pl\/index.php?rest_route=%2Fwp%2Fv2%2Fmedia&parent=458"}],"curies":[{"name":"wp","href":"https:\/\/api.w.org\/{rel}","templated":true}]}}